nd 819?
63
Calculate the highest common factor of 67517 and 141347.
107
Calculate the highest common factor of 138914 and 34.
2
What is the greatest common factor of 6377 and 29152?
911
Calculate the highest common divisor of 4615 and 49244.
13
Calculate the highest common factor of 7856 and 9997424.
16
What is the greatest common factor of 15947406 and 90?
18
What is the highest common divisor of 7395 and 375855805?
2465
Calculate the highest common factor of 2198560 and 182728.
728
Calculate the greatest common divisor of 807 and 111993308.
269
Calculate the greatest common divisor of 736115 and 724178.
3979
Calculate the greatest common divisor of 24586 and 186542.
38
What is the greatest common divisor of 64 and 8794856?
8
Calculate the highest common factor of 165 and 10752800.
5
What is the greatest common divisor of 388290 and 36959790?
9030
What is the greatest common divisor of 13019660 and 355?
5
What is the greatest common factor of 24969130 and 7930?
610
Calculate the highest common factor of 777267 and 3015.
603
Calculate the greatest common factor of 381095 and 6002810.
2255
What is the highest common factor of 10976 and 72096?
32
What is the greatest common factor of 238446 and 231894?
234
What is the greatest common divisor of 1518411 and 82679?
29
Calculate the greatest common factor of 60 and 4565620.
20
Calculate the greatest common factor of 33481485 and 135.
135
Calculate the greatest common divisor of 12 and 1957026.
6
What is the greatest common divisor of 22400 and 82048?
128
What is the greatest common divisor of 387873 and 321417?
639
What is the highest common factor of 4245 and 551899525?
1415
Calculate the greatest common divisor of 36403675 and 105.
35
Calculate the greatest common factor of 728166 and 19048266.
4638
What is the highest common factor of 31107 and 53?
1
Calculate the greatest common divisor of 4134438 and 34650.
1386
Calculate the greatest common factor of 386 and 1415960.
2
What is the highest common factor of 1 and 33082583?
1
What is the greatest common divisor of 8134777 and 427?
427
What is the greatest common factor of 1616 and 2140493?
101
Calculate the greatest common divisor of 190414 and 9506.
98
What is the greatest common factor of 111322217 and 1418?
709
Calculate the greatest common factor of 246 and 202944998.
82
What is the highest common factor of 67440 and 5865?
15
What is the highest common divisor of 11658563 and 70?
7
What is the greatest common factor of 123036378 and 4?
2
What is the highest common divisor of 1752586911 and 6282?
3141
Calculate the highest common factor of 93454057 and 1550.
31
Calculate the highest common factor of 795 and 165721407.
159
What is the greatest common divisor of 11154 and 13122?
6
Calculate the highest common factor of 139760 and 4560.
80
What is the highest common divisor of 126 and 8406657?
63
What is the greatest common factor of 11152 and 488720?
656
Calculate the greatest common factor of 11661 and 9356178.
507
What is the greatest common factor of 8050 and 80462050?
1150
Calculate the greatest common factor of 238 and 808930703.
119
Calculate the greatest common factor of 311436330 and 138.
138
Calculate the greatest common factor of 97 and 16438.
1
What is the highest common factor of 8368 and 36545671?
523
Calculate the highest common divisor of 1284 and 31963468.
428
Calculate the greatest common factor of 22322133 and 141.
141
Calculate the highest common factor of 264185809 and 37.
37
Calculate the greatest common factor of 32 and 315380944.
16
What is the highest common divisor of 304 and 2012176?
304
Calculate the highest common divisor of 8988 and 33393416.
2996
What is the highest common divisor of 354 and 9727743?
177
Calculate the greatest common factor of 33533493 and 32333.
1043
Calculate the highest common divisor of 999 and 38068005.
111
What is the greatest common divisor of 5051470 and 12840?
1070
What is the greatest common factor of 135 and 1521540?
45
Calculate the greatest common divisor of 410 and 23947895.
205
What is the greatest common divisor of 6792 and 10449492?
3396
Calculate the greatest common factor of 20683 and 128245.
13
Calculate the highest common factor of 4594 and 848.
2
What is the greatest common factor of 105206 and 9922?
82
Calculate the highest common divisor of 777211 and 1647043.
4027
What is the highest common factor of 72820 and 142661?
331
Calculate the greatest common factor of 29299154 and 610.
122
What is the highest common divisor of 1907103425 and 25?
25
Calculate the highest common divisor of 462676936 and 16.
8
What is the highest common divisor of 1820818 and 138?
46
Calculate the highest common divisor of 50 and 6947090.
10
Calculate the greatest common factor of 481 and 12066847.
481
Calculate the greatest common divisor of 382694 and 858622.
82
What is the greatest common factor of 2678882 and 686?
2
Calculate the greatest common divisor of 7733 and 3235909.
703
What is the highest common divisor of 28 and 28245588?
28
What is the highest common divisor of 70192 and 204156?
428
Calculate the greatest common factor of 11207408 and 976.
976
Calculate the highest common factor of 30900816 and 288.
144
What is the highest common divisor of 7497770 and 23380?
70
Calculate the highest common divisor of 12 and 234714156.
12
What is the highest common divisor of 4579 and 1817647787?
4579
What is the highest common divisor of 52180410 and 390?
30
What is the highest common factor of 436095 and 8547?
33
Calculate the greatest common factor of 5880514 and 2356.
62
What is the highest common factor of 24919320 and 240?
120
Calculate the greatest common divisor of 22223 and 22.
1
Calculate the greatest common factor of 4479098 and 1768.
26
Calculate the greatest common factor of 121817 and 9246110.
1997
Calculate the greatest common factor of 1815 and 187755.
15
What is the highest common factor of 96381633 and 1332?
111
What is the highest common factor of 9217943 and 961534?
2779
Calculate the greatest common divisor of 59530736 and 17168.
464
What is the highest common divisor of 42778 and 19126?
146
What is the greatest common factor of 41688 and 17927577?
1737
Calculate the highest common factor of 736 and 263214760.
184
What is the highest common divisor of 104 and 21013044?
52
What is the greatest common factor of 540751549 and 1846?
923
What is the highest common factor of 19285 and 400463?
133
Calculate the highest common divisor of 260 and 1908100.
20
Calculate the highest common divisor of 168 and 42012744.
24
Calculate the highest common divisor of 12935 and 79105.
65
What is the highest common factor of 82680627 and 155?
31
Calculate the greatest common divisor of 1116 and 10083708.
36
What is the highest common factor of 1961009 and 247?
19
What is the greatest common factor of 2690748 and 30873?
123
Calculate the highest common divisor of 2599 and 9491096.
113
Calculate the highest common divisor of 301 and 73635006.
43
What is the highest common divisor of 874621 and 1541?
23
Calculate the greatest common factor of 371982 and 34086.
1482
Calculate the greatest common divisor of 28753197 and 167442.
1419
Calculate the highest common factor of 6800 and 31225175.
425
Calculate the highest common factor of 2961 and 394236.
423
What is the highest common divisor of 458445180 and 11754?
3918
Calculate the highest common divisor of 1897 and 106251241.
271
Calculate the greatest common divisor of 172 and 31647269.
43
Calculate the greatest common factor of 867 and 199531176.
51
Calculate the highest common factor of 74224 and 104.
8
What is the highest common factor of 12313578 and 9018?
1002
Calculate the highest common factor of 1011 and 12635141.
337
What is the greatest common factor of 1450 and 326026700?
1450
What is the highest common factor of 4511 and 5083203?
347
What is the greatest common divisor of 191 and 11110661?
191
What is the highest common divisor of 4962663 and 9?
9
What is the highest common divisor of 1672 and 13045153?
209
Calculate the highest common factor of 16999 and 54244.
191
Calculate the greatest common divisor of 6750567 and 116964.
513
What is the greatest common divisor of 4931800 and 1380?
20
Calculate the greatest common factor of 3604095 and 3